{"id":68,"date":"2019-01-07T13:10:20","date_gmt":"2019-01-07T13:10:20","guid":{"rendered":"https:\/\/demo.qkthemes.net\/triptip\/?page_id=68"},"modified":"2025-01-15T20:02:24","modified_gmt":"2025-01-15T20:02:24","slug":"a-propos","status":"publish","type":"page","link":"https:\/\/www.commercemtlnord.ca\/charleroi\/a-propos\/","title":{"rendered":"Rue Charleroi Montr\u00e9al-Nord"},"content":{"rendered":"\n<figure class=\"wp-block-image size-full\"><img loading=\"lazy\" decoding=\"async\" width=\"1428\" height=\"579\" src=\"https:\/\/www.commercemtlnord.ca\/charleroi\/wp-content\/uploads\/sites\/3\/2019\/12\/charleroi_5.jpg\" alt=\"Rue Charleroi Montr\u00e9al-Nord\" class=\"wp-image-1670\" srcset=\"https:\/\/www.commercemtlnord.ca\/charleroi\/wp-content\/uploads\/sites\/3\/2019\/12\/charleroi_5.jpg 1428w, https:\/\/www.commercemtlnord.ca\/charleroi\/wp-content\/uploads\/sites\/3\/2019\/12\/charleroi_5-300x122.jpg 300w, https:\/\/www.commercemtlnord.ca\/charleroi\/wp-content\/uploads\/sites\/3\/2019\/12\/charleroi_5-768x311.jpg 768w, https:\/\/www.commercemtlnord.ca\/charleroi\/wp-content\/uploads\/sites\/3\/2019\/12\/charleroi_5-1024x415.jpg 1024w\" sizes=\"auto, (max-width: 1428px) 100vw, 1428px\" \/><\/figure>\n\n\n\n<div style=\"height:38px\" aria-hidden=\"true\" class=\"wp-block-spacer\"><\/div>\n\n\n\n<div class=\"wp-block-columns is-layout-flex wp-container-core-columns-is-layout-9d6595d7 wp-block-columns-is-layout-flex\">\n<div class=\"wp-block-column is-layout-flow wp-block-column-is-layout-flow\" style=\"flex-basis:10%\"><\/div>\n\n\n\n<div class=\"wp-block-column is-layout-flow wp-block-column-is-layout-flow\" style=\"flex-basis:80%\">\n<h2><span style=\"color: #e6873a\"><b>La rue de Charleroi<\/b><\/span><\/h2>\n<p><strong>Plus de 60 commerces vari\u00e9s ont pignon sur la rue de Charleroi Montr\u00e9al-Nord. Vous y trouverez une vie dynamique et des offres de produits et de services tr\u00e8s diversifi\u00e9es allant de la quincaillerie \u00e0 la pharmacie en passant par la restauration, des salons de beaut\u00e9 et des services de m\u00e9canique automobile. <\/strong><\/p>\n<p>Cette art\u00e8re commerciale de proximit\u00e9 situ\u00e9e au coeur de Montr\u00e9al-Nord a \u00e9volu\u00e9 ces derni\u00e8res ann\u00e9es, profitez des trottoirs \u00e9largis, des traverses de pi\u00e9tons et du mobilier urbain pour y magasiner.<\/p>\n<\/p>\n<h5><span style=\"color: #e6873a\">L\u2019Association des commer\u00e7ants de Charleroi<\/span><\/h5>\n<p>L\u2019Association des commer\u00e7ants de Charleroi \u00e9t\u00e9 cr\u00e9\u00e9e en 2006 suite \u00e0 une mobilisation des commer\u00e7ants avec le soutien du P\u00f4le et de l\u2019arrondissement Montr\u00e9al-Nord.<\/p>\n<\/p>\n<h5><span style=\"color: #e6873a\">Mission<\/span><\/h5>\n<p>L\u2019Association des commer\u00e7ants de Charleroi intervient sur les volets suivants :<\/p>\n\n\n\n<div style=\"height:11px\" aria-hidden=\"true\" class=\"wp-block-spacer\"><\/div>\n\n\n\n<div class=\"wp-block-columns is-layout-flex wp-container-core-columns-is-layout-9d6595d7 wp-block-columns-is-layout-flex\">\n<div class=\"wp-block-column is-layout-flow wp-block-column-is-layout-flow\">\n<p><strong>1. Soutien aux membres<\/strong><\/p>\n<ul>\n<li>Repr\u00e9senter les membres aupr\u00e8s des partenaires<\/li>\n<li>Favoriser le r\u00e9seautage entre les membres<\/li>\n<li>Offrir de la formation<\/li>\n<\/ul>\n<\/div>\n\n\n\n<div class=\"wp-block-column is-layout-flow wp-block-column-is-layout-flow\">\n<p><strong>2. D\u00e9veloppement commercial<\/strong><\/p>\n<ul>\n<li>Promouvoir l\u2019art\u00e8re et son offre commerciale<\/li>\n<li>Faciliter et encourager l\u2019installation de nouveaux commerces<\/li>\n<\/ul>\n<\/div>\n\n\n\n<div class=\"wp-block-column is-layout-flow wp-block-column-is-layout-flow\">\n<p><strong>3. Am\u00e9nagement et \u00e9v\u00e8nementiel<\/strong><\/p>\n<ul>\n<li>Am\u00e9liorer l\u2019exp\u00e9rience sur l\u2019art\u00e8re<\/li>\n<li>Embellir le boulevard<\/li>\n<li>Organiser des \u00e9v\u00e8nements festifs<\/li>\n<li>Participer \u00e0 la vie communautaire<\/li>\n<\/ul>\n<\/div>\n<\/div>\n\n\n\n<div style=\"height:11px\" aria-hidden=\"true\" class=\"wp-block-spacer\"><\/div>\n\n\n\n<div class=\"wp-block-columns is-layout-flex wp-container-core-columns-is-layout-9d6595d7 wp-block-columns-is-layout-flex\">\n<div class=\"wp-block-column is-layout-flow wp-block-column-is-layout-flow\">\n<h5><span style=\"color: #e6873a\">Administrateurs de Charleroi<\/span><\/h5>\n<p><strong>Fr\u00e9d\u00e9ric Normand<\/strong>, vice-pr\u00e9sident et propri\u00e9taire du Jean-Coutu<\/p>\n<p><strong>Lucila Pino<\/strong>, secr\u00e9taire et propri\u00e9taire du Pino Caf\u00e9 Bistro<\/p>\n<p><strong>Kenny Pelissier<\/strong>, administrateur et propri\u00e9taire du Casserole Kr\u00e9ole<\/p>\n<\/div>\n\n\n\n<div class=\"wp-block-column is-layout-flow wp-block-column-is-layout-flow\">\n<h5><span style=\"color: #e6873a\">Administrateurs Pie-IX<\/span><\/h5>\n<p><strong>Maude Royal<\/strong>, pr\u00e9sidente et propri\u00e9taire de la R\u00f4tisserie Saint-Hubert<\/p>\n<p><strong>Nathalie Poirier<\/strong>, tr\u00e9sori\u00e8re et propri\u00e9taire du complexe fun\u00e9raire Magnus Poirier<\/p>\n<p><strong>Jacinthe Sicotte<\/strong>, administratrice et directrice g\u00e9n\u00e9rale de la Caisse Desjardins de Sault-au-R\u00e9collet-Montr\u00e9al-Nord<\/p>\n<\/div>\n<\/div>\n\n\n\n<hr class=\"wp-block-separator has-text-color has-cyan-bluish-gray-color has-css-opacity has-cyan-bluish-gray-background-color has-background is-style-wide\" \/>\n\n\n\n<p><b>SDC Montr\u00e9al-Nord<br \/><\/b><\/p>\n<p>11121 avenue Salk, Montr\u00e9al-Nord H1G 4Y3<\/p>\n<p>Courriel: <a href=\"mailto:info@sdcmtlnord.ca\">info@sdcmtlnord.ca<\/a><br \/>T\u00e9l\u00e9phone: (514) 830-5384<\/p>\n<\/div>\n\n\n\n<div class=\"wp-block-column is-layout-flow wp-block-column-is-layout-flow\" style=\"flex-basis:10%\"><\/div>\n<\/div>\n\n\n\n<p><\/p>\n","protected":false},"excerpt":{"rendered":"<p>La rue de Charleroi Plus de 60 commerces vari\u00e9s ont pignon sur la rue de Charleroi Montr\u00e9al-Nord. Vous y trouverez une vie dynamique et des offres de produits et de services tr\u00e8s diversifi\u00e9es allant de la quincaillerie \u00e0 la pharmacie en passant par la restauration, des salons de beaut\u00e9 et des services de m\u00e9canique automobile. [&hellip;]<\/p>\n","protected":false},"author":1,"featured_media":0,"parent":0,"menu_order":0,"comment_status":"closed","ping_status":"closed","template":"page-sidebar-none.php","meta":{"inline_featured_image":false,"footnotes":""},"class_list":["post-68","page","type-page","status-publish","hentry"],"_links":{"self":[{"href":"https:\/\/www.commercemtlnord.ca\/charleroi\/wp-json\/wp\/v2\/pages\/68","targetHints":{"allow":["GET"]}}],"collection":[{"href":"https:\/\/www.commercemtlnord.ca\/charleroi\/wp-json\/wp\/v2\/pages"}],"about":[{"href":"https:\/\/www.commercemtlnord.ca\/charleroi\/wp-json\/wp\/v2\/types\/page"}],"author":[{"embeddable":true,"href":"https:\/\/www.commercemtlnord.ca\/charleroi\/wp-json\/wp\/v2\/users\/1"}],"replies":[{"embeddable":true,"href":"https:\/\/www.commercemtlnord.ca\/charleroi\/wp-json\/wp\/v2\/comments?post=68"}],"version-history":[{"count":83,"href":"https:\/\/www.commercemtlnord.ca\/charleroi\/wp-json\/wp\/v2\/pages\/68\/revisions"}],"predecessor-version":[{"id":2673,"href":"https:\/\/www.commercemtlnord.ca\/charleroi\/wp-json\/wp\/v2\/pages\/68\/revisions\/2673"}],"wp:attachment":[{"href":"https:\/\/www.commercemtlnord.ca\/charleroi\/wp-json\/wp\/v2\/media?parent=68"}],"curies":[{"name":"wp","href":"https:\/\/api.w.org\/{rel}","templated":true}]}}

Rue Charleroi Montréal-Nord

<figure class="wp-block-image size-full"><img loading="lazy" decoding="async" width="1428" height="579" src="https://www.commercemtlnord.ca/charleroi/wp-content/uploads/sites/3/2019/12/charleroi_5.jpg" alt="Rue Charleroi Montréal-Nord" class="wp-image-1670" srcset="https://www.commercemtlnord.ca/charleroi/wp-content/uploads/sites/3/2019/12/charleroi_5.jpg 1428w, https://www.commercemtlnord.ca/charleroi/wp-content/uploads/sites/3/2019/12/charleroi_5-300x122.jpg 300w, https://www.commercemtlnord.ca/charleroi/wp-content/uploads/sites/3/2019/12/charleroi_5-768x311.jpg 768w, https://www.commercemtlnord.ca/charleroi/wp-content/uploads/sites/3/2019/12/charleroi_5-1024x415.jpg 1024w" sizes="auto, (max-width: 1428px) 100vw, 1428px" /></figure>



<div style="height:38px" aria-hidden="true" class="wp-block-spacer"></div>



<div class="wp-block-columns is-layout-flex wp-container-core-columns-is-layout-9d6595d7 wp-block-columns-is-layout-flex">
<div class="wp-block-column is-layout-flow wp-block-column-is-layout-flow" style="flex-basis:10%"></div>



<div class="wp-block-column is-layout-flow wp-block-column-is-layout-flow" style="flex-basis:80%">
<h2><span style="color: #e6873a"><b>La rue de Charleroi</b></span></h2>
<p><strong>Plus de 60 commerces variés ont pignon sur la rue de Charleroi Montréal-Nord. Vous y trouverez une vie dynamique et des offres de produits et de services très diversifiées allant de la quincaillerie à la pharmacie en passant par la restauration, des salons de beauté et des services de mécanique automobile. </strong></p>
<p>Cette artère commerciale de proximité située au coeur de Montréal-Nord a évolué ces dernières années, profitez des trottoirs élargis, des traverses de piétons et du mobilier urbain pour y magasiner.</p>
</p>
<h5><span style="color: #e6873a">L’Association des commerçants de Charleroi</span></h5>
<p>L’Association des commerçants de Charleroi été créée en 2006 suite à une mobilisation des commerçants avec le soutien du Pôle et de l’arrondissement Montréal-Nord.</p>
</p>
<h5><span style="color: #e6873a">Mission</span></h5>
<p>L’Association des commerçants de Charleroi intervient sur les volets suivants :</p>



<div style="height:11px" aria-hidden="true" class="wp-block-spacer"></div>



<div class="wp-block-columns is-layout-flex wp-container-core-columns-is-layout-9d6595d7 wp-block-columns-is-layout-flex">
<div class="wp-block-column is-layout-flow wp-block-column-is-layout-flow">
<p><strong>1. Soutien aux membres</strong></p>
<ul>
<li>Représenter les membres auprès des partenaires</li>
<li>Favoriser le réseautage entre les membres</li>
<li>Offrir de la formation</li>
</ul>
</div>



<div class="wp-block-column is-layout-flow wp-block-column-is-layout-flow">
<p><strong>2. Développement commercial</strong></p>
<ul>
<li>Promouvoir l’artère et son offre commerciale</li>
<li>Faciliter et encourager l’installation de nouveaux commerces</li>
</ul>
</div>



<div class="wp-block-column is-layout-flow wp-block-column-is-layout-flow">
<p><strong>3. Aménagement et évènementiel</strong></p>
<ul>
<li>Améliorer l’expérience sur l’artère</li>
<li>Embellir le boulevard</li>
<li>Organiser des évènements festifs</li>
<li>Participer à la vie communautaire</li>
</ul>
</div>
</div>



<div style="height:11px" aria-hidden="true" class="wp-block-spacer"></div>



<div class="wp-block-columns is-layout-flex wp-container-core-columns-is-layout-9d6595d7 wp-block-columns-is-layout-flex">
<div class="wp-block-column is-layout-flow wp-block-column-is-layout-flow">
<h5><span style="color: #e6873a">Administrateurs de Charleroi</span></h5>
<p><strong>Frédéric Normand</strong>, vice-président et propriétaire du Jean-Coutu</p>
<p><strong>Lucila Pino</strong>, secrétaire et propriétaire du Pino Café Bistro</p>
<p><strong>Kenny Pelissier</strong>, administrateur et propriétaire du Casserole Kréole</p>
</div>



<div class="wp-block-column is-layout-flow wp-block-column-is-layout-flow">
<h5><span style="color: #e6873a">Administrateurs Pie-IX</span></h5>
<p><strong>Maude Royal</strong>, présidente et propriétaire de la Rôtisserie Saint-Hubert</p>
<p><strong>Nathalie Poirier</strong>, trésorière et propriétaire du complexe funéraire Magnus Poirier</p>
<p><strong>Jacinthe Sicotte</strong>, administratrice et directrice générale de la Caisse Desjardins de Sault-au-Récollet-Montréal-Nord</p>
</div>
</div>



<hr class="wp-block-separator has-text-color has-cyan-bluish-gray-color has-css-opacity has-cyan-bluish-gray-background-color has-background is-style-wide" />



<p><b>SDC Montréal-Nord<br /></b></p>
<p>11121 avenue Salk, Montréal-Nord H1G 4Y3</p>
<p>Courriel: <a href="mailto:info@sdcmtlnord.ca">info@sdcmtlnord.ca</a><br />Téléphone: (514) 830-5384</p>
</div>



<div class="wp-block-column is-layout-flow wp-block-column-is-layout-flow" style="flex-basis:10%"></div>
</div>



<p></p>

<p>La rue de Charleroi Plus de 60 commerces variés ont pignon sur la rue de Charleroi Montréal-Nord. Vous y trouverez une vie dynamique et des offres de produits et de services très diversifiées allant de la quincaillerie à la pharmacie en passant par la restauration, des salons de beauté et des services de mécanique automobile. [&hellip;]</p>
